 the prime factors of 3/((-9)/(-3)) + j.
2
Let b be (-1)/((-2)/14) - 3. Suppose -4*z = m - 44, -b*z + 38 = 2*m - 50. List the prime factors of m.
2, 11
Let j(i) = -i - i + 25 + i. What are the prime factors of j(0)?
5
Let d(y) = -2*y - 5. Suppose 0 = 4*u - 2*h + 8, u + 7 + 5 = -2*h. Let w be d(u). Suppose 2*s + 17 = 2*k - 9, -5*k + w*s + 69 = 0. List the prime factors of k.
3, 5
Let a = 35 - 33. List the prime factors of a.
2
Let l = -96 + 161. List the prime factors of l.
5, 13
Let p be (-13)/(-5) - (-6)/15. Suppose -8 - 8 = -2*z. Suppose p*c - z = -c. List the prime factors of c.
2
Let f(g) = 2*g**2 + 3 - 33*g**3 + 1 - 5. List the prime factors of f(-1).
2, 17
Suppose 2*a + 3*r - 96 = 0, 5*a + 3*r = -2*r + 245. What are the prime factors of a?
3, 17
Let d(s) = s**2 + 4*s - 2. Let m(q) = -q + 1. Let v be m(5). Let l be d(v). What are the prime factors of 9 + (-2)/(-3 - l)?
11
Let m be 2 + -3 - (-172)/(-4). Let i = m - -76. What are the prime factors of i?
2
Let g(y) = -3*y + 12. What are the prime factors of g(-9)?
3, 13
Let a = -20 - -41. Suppose 0 = -2*b + 1 + a. What are the prime factors of b?
11
Suppose -3*d - 185 = -5*b, 3*b = -0*d - 5*d + 77. List the prime factors of b.
2, 17
What are the prime factors of ((-6)/(-8))/((-6)/(-144))?
2, 3
Let t(o) = -o**2 - 5*o + 1. Let j be t(-7). Let f = -1 - j. List the prime factors of f.
2, 3
Let u be 36/2 + 0/3. Suppose 0 = -p + u + 8. What are the prime factors of p?
2, 13
Let u(h) = -h**3 + 6*h**2 + 1. Let i be u(6). Let n = -15 - -10. List the prime factors of (6/n)/(i/(-5)).
2, 3
Let i(g) = 3*g**2 + 2*g + 1. Let x be i(3). Suppose -2 = -4*a + x. List the prime factors of a.
3
Suppose 0 = -2*b - 0 + 2. Let m be (3 + -2 - b)/2. Suppose m = 5*a - 45 - 10. List the prime factors of a.
11
Let t be 3/12 + (-46)/(-8). Let h = t + -4. Suppose -h*a + 27 = -j, 5*j - 4 = -3*a + 4. List the prime factors of a.
11
Suppose u - 40 - 54 = 0. What are the prime factors of u?
2, 47
Suppose 0 = 2*x + 5*u + 16, -4*u - 52 = 4*x + u. List the prime factors of (1/(-3))/(2/x).
3
Let y = -1 - -4. Suppose -5*l - 4*i = -30, -y*l - 3*i - 14 = -35. List the prime factors of (-1*l - -2) + 3.
3
Let r = 222 - 51. List the prime factors of r.
3, 19
Let t = -150 + 306. What are the prime factors of t?
2, 3, 13
Let o(z) be the first derivative of z**4/4 - 2*z**3 + 3*z**2 + 4*z + 2. Let u be o(5). Suppose 4*a = u*a - 40. List the prime factors of a.
2
Suppose 0*l - 2*l = -34. What are the prime factors of l?
17
List the prime factors of 524/12 + (-2)/(-6).
2, 11
Let j be 72/(-16)*2/(-3). Suppose -j*u = u - 80. What are the prime factors of u?
2, 5
Let d(q) = -q + 9. Let k be d(7). Suppose 3*f + 1 = -c, -3*c - k*c + 5*f = -15. What are the prime factors of c?
2
Suppose 30 = -2*f + 4*f. What are the prime factors of f?
3, 5
Suppose -4*d = -3*g - 2*g - 21, 0 = -4*d - g + 15. Suppose -21 = -d*y - 2*x - x, -2*y - 7 = 5*x. Suppose -y = 4*a - 77. What are the prime factors of a?
17
Let n be (4/(-3))/(10/(-15)). Let j = n - -2. What are the prime factors of j?
2
List the prime factors of (4 + (-8)/5)*10.
2, 3
Suppose -r = j - 6, 6*r = -5*j + 4*r + 33. List the prime factors of j.
7
Suppose -703 = -3*y - x, 5*y - 3*x + 2*x - 1177 = 0. What are the prime factors of y?
5, 47
Suppose 2*n = -2*l - 1 - 5, 3*l + 9 = -n. Let z be (-2 - l)*(4 + 2). Let y = 6 + z. List the prime factors of y.
2, 3
Suppose 4 = 3*k - 14. Suppose k*t = 5*t + 5. Suppose t*h - 6 = 9. List the prime factors of h.
3
Let a = 12 - 18. Let g(u) = -u**3 - 5*u**2 + 5*u - 1. Let v be g(a). Let m(o) = o**2 - 4*o. List the prime factors of m(v).
5
Let x be (53/3)/((-5)/(-15)). Let a = -37 + x. List the prime factors of a.
2
Let s(y) = y**2 - 5*y. Let u be s(5). Suppose 4*q - q - 45 = u. List the prime factors of q.
3, 5
Suppose 4 = -5*d - 6. Let p be 36 + (d + 2 - -3). Suppose 5*k - 40 = -5*t + t, -3*t - p = -2*k. List the prime factors of k.
2, 3
Let v be 375/18 + (-2)/(-12). Suppose -v - 16 = -r. List the prime factors of r.
37
Let o be (-42)/(-4)*(-36)/21. Let i be 75/12*(-8)/(-2). Let p = o + i. List the prime factors of p.
7
Let l = 27 + 26. What are the prime factors of l?
53
Suppose -313 = -4*j + 1219. What are the prime factors of j?
383
Suppose 0*c = c - 43. What are the prime factors of c?
43
Let b be (-6)/(-2) - 6 - 57. Let l be b/9*6/(-4). Suppose -6*q = -l*q + 20. What are the prime factors of q?
5
Let f(b) = 3*b**2 + 18*b + 21. What are the prime factors of f(-13)?
2, 3, 7
Suppose o - 5*c - 1 = -2, -3*c - 5 = -2*o. Suppose -4*t + 0*k - 5*k = -81, o*k + 12 = 0. What are the prime factors of t?
2, 3
Let b(f) = -f - 4. Let h be b(-4). Suppose -8 = -4*z + 4, 2*r + 5*z - 23 = h. What are the prime factors of r?
2
Let g(z) = -2*z + 5. Let r be g(0). Suppose 44 = -3*l + r*l. What are the prime factors of l?
2, 11
Let k = 17 - -15. Suppose -2*m = 2*m - k. List the prime factors of m.
2
Let t = -8 + 3. What are the prime factors of (-1)/t - (-78)/10?
2
Suppose 46 = 2*k + u, 2*k - 4*u = k + 14. What are the prime factors of k?
2, 11
Let k be 718/8 - (-1)/4. Suppose -m = -6*m + k. What are the prime factors of (-4)/m - (-130)/18?
7
Suppose 1 = -5*g + 26. Suppose 0*k = g*k - 15. What are the prime factors of 2*-1 - -2*k?
2
List the prime factors of ((-1)/2)/(1/(-10)).
5
Suppose 252 = -4*s + 8*s. What are the prime factors of s?
3, 7
Suppose 0*y = -4*y - 124. Let s be -1 - -2 - 3 - -45. Let l = y + s. List the prime factors of l.
2, 3
Let h be 3/1 + (2 - 0). Let z = 4 + h. What are the prime factors of z?
3
What are the prime factors of 214/749 + ((-11080)/(-14))/2?
2, 3, 11
Suppose -l + 0*l + 63 = 0. List the prime factors of l.
3, 7
Let s(a) = a**3 - 7*a**2 - a + 10. Let c be s(7). Suppose -6*o - 2 = -7*o. Suppose -2*l + c*i = o, 5*l + 5*i - 25 = 4*l. List the prime factors of l.
5
Suppose -2*b + 86 = 2*g, -3*g + 107 = -2*b - 27. List the prime factors of g.
2, 11
Let f be 27/18*8/6. Suppose -3*s + 4*b + 9 = -5, f*b + 4 = 0. Let i(w) = 3*w - 1. What are the prime factors of i(s)?
5
Let l = -2 - 13. Let t be (l/(-20))/((-2)/8). List the prime factors of 2/t*(-1 - 5).
2
Suppose -25*j + 164 = -23*j. What are the prime factors of j?
2, 41
Let t(p) = 12*p**2 + p - 2. What are the prime factors of t(-2)?
2, 11
List the prime factors of ((-72)/(-15))/((-3)/(-10)).
2
Suppose -6*o + 3*o = -12. Let q(h) = 1. Let n(k) = -k**2 + 6*k - 4. Let p(y) = n(y) + 6*q(y). What are the prime factors of p(o)?
2, 5
Let l = 382 - 244. What are the prime factors of l?
2, 3, 23
Suppose -33*a + 31*a + 552 = 0. List the prime factors of a.
2, 3, 23
Let z(b) = 25*b. Let r be z(-1). Let v = -14 - r. List the prime factors of v.
11
Suppose 3*j = 2*y - 69 + 5, 0 = -3*y - j + 118. Suppose -2*s = -g - y, 2*s + 0*g - 46 = 3*g. What are the prime factors of s?
17
Suppose r = 4*r - 15, 4*v + 5*r = 41. What are the prime factors of v?
2
Suppose -2*q + 178 = 40. List the prime factors of q.
3, 23
Let a(x) = 2*x**2 - 5*x + 5. Let q be a(5). Suppose -q = -0*m - 2*m. List the prime factors of m.
3, 5
Suppose c = -3*c + 28. Suppose 0 = 2*r - 5*r. Suppose -5*w + l + 66 - c = r, 0 = -2*w - 2*l + 14. List the prime factors of w.
11
Suppose 2*m = a - 3, a = -2*m + m + 3. Suppose -3*k + 2 + 19 = -a*l, 5*k - 56 = -2*l. What are the prime factors of 116/k + 2/5?
2, 3
Let w(n) be the first derivative of 2 - 1/2*n**2 - 2*n. What are the prime factors of w(-8)?
2, 3
Suppose 0 = 4*x + 3*c - 937, 0 + 3 = c. What are the prime factors of x?
2, 29
Let r(z) = 19*z + 3. Let u be r(3). Suppose 2*g - u = -g. List the prime factors of g.
2, 5
Suppose -y = 2 - 7. List the prime factors of y.
5
What are the prime factors of (-9)/63 + (-1242)/(-21)?
59
Let v(q) = 8*q**2 + 16*q - 4. List the prime factors of v(-7).
2, 3, 23
Let d = 24 - 11. Let n(v) = v**3 - 7*v**2 - 9*v + 12. Let z be n(8). Suppose z*x - d = 31. List the prime factors of x.
11
Suppose 4*d - 8 = -0*d. Let c(b) = 1 - 3*b + 4*b**2 - b**2 + 2*b**d - b**3. What are the prime factors of c(4)?
5
Suppose -2*w - 4*i = -10, 2*w - 4*i = i - 35. Let s(l) = -6*l - 4. What are the prime factors of s(w)?
2, 13
Let j be 6/21 + 2512/28. Suppose -5*m - 117 = -3*g, 3*g = -5*m + m + j. What are the prime factors of g?
2, 17
Let f(g) be the second derivative of -g**4/12 - g**3/6 + 7*g**2/